e factors of 633419547.
3, 61, 3461309
List the prime factors of 143704743.
3, 7, 13, 526391
What are the prime factors of 397695328?
2, 29, 428551
What are the prime factors of 189282948?
2, 3, 131, 347
What are the prime factors of 314712470?
2, 5, 47, 71, 9431
What are the prime factors of 1004999715?
3, 5, 337, 66271
List the prime factors of 81901286.
2, 19, 2155297
What are the prime factors of 519252590?
2, 5, 17, 881, 3467
What are the prime factors of 91239314?
2, 47, 311, 3121
List the prime factors of 185322791.
185322791
List the prime factors of 260243700.
2, 3, 5, 47, 18457
List the prime factors of 87783618.
2, 3, 13, 1125431
What are the prime factors of 878069467?
11, 167, 477991
List the prime factors of 104830252.
2, 89, 294467
What are the prime factors of 97941244?
2, 53, 239, 1933
What are the prime factors of 481290503?
127, 197, 19237
List the prime factors of 7261089777.
3, 268929251
List the prime factors of 95238002.
2, 3203, 14867
What are the prime factors of 3647457?
3, 11, 12281
What are the prime factors of 40459028?
2, 10114757
What are the prime factors of 1501526092?
2, 11, 34125593
What are the prime factors of 2244908203?
2244908203
List the prime factors of 6307572874.
2, 61, 51701417
What are the prime factors of 18170793?
3, 547, 3691
What are the prime factors of 26806129?
7, 3829447
What are the prime factors of 344310668?
2, 13, 6621359
List the prime factors of 16437966.
2, 3, 41, 66821
List the prime factors of 1924120445.
5, 13, 79, 367, 1021
What are the prime factors of 964103771?
1433, 672787
List the prime factors of 75357307.
75357307
What are the prime factors of 190204846?
2, 13, 7315571
What are the prime factors of 78112638?
2, 3, 71, 61121
List the prime factors of 1951807792.
2, 11, 59, 187963
What are the prime factors of 520519814?
2, 1453, 179119
List the prime factors of 10824680.
2, 5, 19, 14243
What are the prime factors of 59122600?
2, 5, 17, 17389
What are the prime factors of 149041524?
2, 3, 431, 28817
List the prime factors of 152941324.
2, 38235331
What are the prime factors of 68430890?
2, 5, 11, 397, 1567
List the prime factors of 61786418.
2, 23, 1343183
What are the prime factors of 580811769?
3, 21511547
What are the prime factors of 64246402?
2, 11, 257, 1033
What are the prime factors of 184235482?
2, 103, 769, 1163
What are the prime factors of 4479567845?
5, 895913569
List the prime factors of 16157329.
16157329
What are the prime factors of 1004262397?
67, 163, 91957
List the prime factors of 129467724.
2, 3, 1741, 6197
List the prime factors of 552924288.
2, 3, 7, 68567
What are the prime factors of 336140721?
3, 7, 5335567
What are the prime factors of 56482863?
3, 18827621
List the prime factors of 15926644.
2, 109, 36529
What are the prime factors of 33943160?
2, 5, 848579
List the prime factors of 1412827040.
2, 5, 433, 20393
What are the prime factors of 30390732?
2, 3, 844187
List the prime factors of 241003.
7, 34429
What are the prime factors of 78760211?
23, 61, 73, 769
List the prime factors of 1092836284.
2, 1063, 257017
List the prime factors of 5039755123.
13, 387673471
List the prime factors of 70321473.
3, 2604499
List the prime factors of 1152085302.
2, 3, 31, 688223
List the prime factors of 66629043.
3, 13, 569479
List the prime factors of 356330057.
41, 2819, 3083
What are the prime factors of 4876966380?
2, 3, 5, 11, 13, 521, 1091
List the prime factors of 226342004.
2, 7, 8083643
List the prime factors of 379552663.
7, 53, 911, 1123
List the prime factors of 55586750.
2, 5, 222347
What are the prime factors of 919148899?
977, 940787
What are the prime factors of 1431820857?
3, 29, 37, 444803
What are the prime factors of 163433069?
97, 1684877
List the prime factors of 180355245.
3, 5, 7, 1717669
List the prime factors of 23811552.
2, 3, 29, 2851
What are the prime factors of 661316625?
3, 5, 109, 5393
List the prime factors of 485368572.
2, 3, 13, 3111337
List the prime factors of 265147082.
2, 23, 41, 140587
List the prime factors of 338592366.
2, 3, 7, 17, 52691
What are the prime factors of 31335671?
151, 207521
What are the prime factors of 32490716?
2, 8122679
What are the prime factors of 900256538?
2, 89, 5057621
What are the prime factors of 47993957?
11, 281, 15527
What are the prime factors of 2959850791?
191, 409, 37889
What are the prime factors of 140410073?
617, 227569
List the prime factors of 4431718591.
23, 192683417
What are the prime factors of 147499372?
2, 313, 117811
What are the prime factors of 35336319?
3, 17, 53, 769
List the prime factors of 473770634.
2, 3907, 60631
What are the prime factors of 1858366010?
2, 5, 197, 239, 3947
List the prime factors of 495723727.
1319, 375833
What are the prime factors of 141087956?
2, 37, 953297
List the prime factors of 3947058.
2, 3, 219281
List the prime factors of 81107439.
3, 7, 31, 4019
List the prime factors of 5702444577.
3, 59, 857, 4177
List the prime factors of 84032446.
2, 2833, 14831
List the prime factors of 4950566583.
3, 17, 1181, 82193
List the prime factors of 200462195.
5, 1231, 32569
List the prime factors of 129680326.
2, 64840163
List the prime factors of 1440832654.
2, 17, 23, 1842497
List the prime factors of 1924283886.
2, 3, 7, 167, 274349
What are the prime factors of 133199348?
2, 19, 23, 181, 421
What are the prime factors of 69535732?
2, 7, 449, 5531
What are the prime factors of 57249535?
5, 7, 281, 5821
List the prime factors of 565313559.
3, 29, 6497857
What are the prime factors of 15423165?
3, 5, 17, 20161
List the prime factors of 4548798059.
13, 349907543
List the prime factors of 448457144.
2, 17, 3297479
What are the prime factors of 229800576?
2, 3, 598439
List the prime factors of 133357632.
2, 3, 694571
List the prime factors of 478150806.
2, 3, 7, 17, 669679
List the prime factors of 156561915.
3, 5, 67, 155783
List the prime factors of 1245504853.
19, 3343, 19609
What are the prime factors of 437662381?
13, 37, 909901
What are the prime factors of 472387522?
2, 251, 941011
List the prime factors of 1306378825.
5, 311, 168023
What are the prime factors of 2080742?
2, 1040371
List the prime factors of 1009006117.
7, 17, 8479043
What are the prime factors of 91693654?
2, 13, 67, 4049
List the prime factors of 3172872535.
5, 7, 41, 2211061
List the prime factors of 1468579825.
5, 19, 3091747
What are the prime factors of 607283258?
2, 29, 647, 16183
What are the prime factors of 80867506?
2, 53, 762901
What are the prime factors of 77562455?
5, 47, 330053
What are the prime factors of 525567762?
2, 3, 829, 35221
List the prime factors of 248670781.
17, 41, 59, 6047
What are the prime factors of 767742975?
3, 5, 19, 59863
What are the prime factors of 205378537?
7, 13, 733, 3079
List the prime factors of 190105061.
190105061
List the prime factors of 1246635111.
3, 71, 5852747
What are the prime factors of 1175940504?
2, 3, 23, 78901
List the prime factors of 4639501915.
5, 89, 509, 20483
List the prime factors of 35211938.
2, 37, 475837
List the prime factors of 5265700.
2, 5, 11, 4787
List the prime factors of 2728546917.
3, 4787, 189997
List the prime factors of 7439917654.
2, 13, 97, 1093, 2699
List the prime factors of 2503403559.
3, 23, 1723, 7019
What are the prime factors of 3834115096?
2, 7, 68466341
List the prime factors of 989139605.
5, 197827921
List the prime factors of 2132847364.
2, 533211841
List the prime factors of 316138957.
316138957
List the prime factors of 2415652713.
3, 1427, 20899
List the prime factors of 350674376.
2, 13, 23, 146603
What are the prime factors of 994190833?
131, 7589243
List the prime factors of 25135820.
2, 5, 443, 2837
What are the prime factors of 352219206?
2, 3, 37, 859, 1847
What are the prime factors of 32691371?
73, 447827
What are the prime factors of 213854279?
3989, 53611
List the prime factors of 103207519.
1747, 59077
What are the prime factors of 185126665?
5, 37025333
What are the prime factors of 30776190?
2, 3, 5, 1025873
List the prime factors of 1131629136.
2, 3, 11, 317, 6761
What are the prime factors of 1414011683?
7, 202001669
What are the prime factors of 5998927023?
3, 666547447
List the prime factors of 2639349003.
3, 879783001
What are the prime factors of 138286744?
